 
{"id":477,"date":"2023-03-26T16:17:49","date_gmt":"2023-03-26T16:17:49","guid":{"rendered":"http:\/\/exclusiveeventslevante.com\/?page_id=477"},"modified":"2024-02-06T19:35:23","modified_gmt":"2024-02-06T19:35:23","slug":"safety-day","status":"publish","type":"page","link":"https:\/\/exclusiveeventslevante.com\/?page_id=477","title":{"rendered":"Safety Day"},"content":{"rendered":"\n<p>Es una iniciativa d\u00f3nde se busca sensibilizar y concienciar a las personas de la organizaci\u00f3n, fomentando la participaci\u00f3n a trav\u00e9s de una jornada l\u00fadica, alejada de la rutina, d\u00f3nde se combinen contenidos impactantes en seguridad, salud&nbsp;y&nbsp;bienestar. Nosotras creamos el Safety Day que tu empresa necesita.<\/p>\n\n\n\n<figure class=\"wp-block-gallery has-nested-images columns-default is-cropped wp-block-gallery-1 is-layout-flex wp-block-gallery-is-layout-flex\">\n<figure class=\"wp-block-image size-large\"><img loading=\"lazy\" decoding=\"async\" width=\"1024\" height=\"768\" data-id=\"478\" src=\"https:\/\/exclusiveeventslevante.com\/wp-content\/uploads\/2023\/03\/IMG-20230326-WA0052-1024x768.jpg\" alt=\"\" class=\"wp-image-478\" srcset=\"https:\/\/exclusiveeventslevante.com\/wp-content\/uploads\/2023\/03\/IMG-20230326-WA0052-1024x768.jpg 1024w, https:\/\/exclusiveeventslevante.com\/wp-content\/uploads\/2023\/03\/IMG-20230326-WA0052-300x225.jpg 300w, https:\/\/exclusiveeventslevante.com\/wp-content\/uploads\/2023\/03\/IMG-20230326-WA0052-768x576.jpg 768w, https:\/\/exclusiveeventslevante.com\/wp-content\/uploads\/2023\/03\/IMG-20230326-WA0052-1536x1152.jpg 1536w, https:\/\/exclusiveeventslevante.com\/wp-content\/uploads\/2023\/03\/IMG-20230326-WA0052.jpg 1600w\" sizes=\"auto, (max-width: 706px) 89vw, (max-width: 767px) 82vw, 740px\" \/><\/figure>\n\n\n\n<figure class=\"wp-block-image size-large\"><img loading=\"lazy\" decoding=\"async\" width=\"961\" height=\"1024\" data-id=\"479\" src=\"https:\/\/exclusiveeventslevante.com\/wp-content\/uploads\/2023\/03\/IMG-20230326-WA0053-961x1024.jpg\" alt=\"\" class=\"wp-image-479\" srcset=\"https:\/\/exclusiveeventslevante.com\/wp-content\/uploads\/2023\/03\/IMG-20230326-WA0053-961x1024.jpg 961w, https:\/\/exclusiveeventslevante.com\/wp-content\/uploads\/2023\/03\/IMG-20230326-WA0053-282x300.jpg 282w, https:\/\/exclusiveeventslevante.com\/wp-content\/uploads\/2023\/03\/IMG-20230326-WA0053-768x818.jpg 768w, https:\/\/exclusiveeventslevante.com\/wp-content\/uploads\/2023\/03\/IMG-20230326-WA0053-1442x1536.jpg 1442w, https:\/\/exclusiveeventslevante.com\/wp-content\/uploads\/2023\/03\/IMG-20230326-WA0053.jpg 1922w\" sizes=\"auto, (max-width: 706px) 89vw, (max-width: 767px) 82vw, 740px\" \/><\/figure>\n\n\n\n<figure class=\"wp-block-image size-large\"><img loading=\"lazy\" decoding=\"async\" width=\"1024\" height=\"768\" data-id=\"480\" src=\"https:\/\/exclusiveeventslevante.com\/wp-content\/uploads\/2023\/03\/IMG-20230326-WA0054-1024x768.jpg\" alt=\"\" class=\"wp-image-480\" srcset=\"https:\/\/exclusiveeventslevante.com\/wp-content\/uploads\/2023\/03\/IMG-20230326-WA0054-1024x768.jpg 1024w, https:\/\/exclusiveeventslevante.com\/wp-content\/uploads\/2023\/03\/IMG-20230326-WA0054-300x225.jpg 300w, https:\/\/exclusiveeventslevante.com\/wp-content\/uploads\/2023\/03\/IMG-20230326-WA0054-768x576.jpg 768w, https:\/\/exclusiveeventslevante.com\/wp-content\/uploads\/2023\/03\/IMG-20230326-WA0054-1536x1152.jpg 1536w, https:\/\/exclusiveeventslevante.com\/wp-content\/uploads\/2023\/03\/IMG-20230326-WA0054.jpg 2016w\" sizes=\"auto, (max-width: 706px) 89vw, (max-width: 767px) 82vw, 740px\" \/><\/figure>\n\n\n\n<figure class=\"wp-block-image size-large\"><img loading=\"lazy\" decoding=\"async\" width=\"1024\" height=\"768\" data-id=\"481\" src=\"https:\/\/exclusiveeventslevante.com\/wp-content\/uploads\/2023\/03\/IMG-20230326-WA0055-1024x768.jpg\" alt=\"\" class=\"wp-image-481\" srcset=\"https:\/\/exclusiveeventslevante.com\/wp-content\/uploads\/2023\/03\/IMG-20230326-WA0055-1024x768.jpg 1024w, https:\/\/exclusiveeventslevante.com\/wp-content\/uploads\/2023\/03\/IMG-20230326-WA0055-300x225.jpg 300w, https:\/\/exclusiveeventslevante.com\/wp-content\/uploads\/2023\/03\/IMG-20230326-WA0055-768x576.jpg 768w, https:\/\/exclusiveeventslevante.com\/wp-content\/uploads\/2023\/03\/IMG-20230326-WA0055-1536x1152.jpg 1536w, https:\/\/exclusiveeventslevante.com\/wp-content\/uploads\/2023\/03\/IMG-20230326-WA0055.jpg 1600w\" sizes=\"auto, (max-width: 706px) 89vw, (max-width: 767px) 82vw, 740px\" \/><\/figure>\n\n\n\n<figure class=\"wp-block-image size-large\"><img loading=\"lazy\" decoding=\"async\" width=\"1024\" height=\"574\" data-id=\"482\" src=\"https:\/\/exclusiveeventslevante.com\/wp-content\/uploads\/2023\/03\/IMG-20230326-WA0056-1024x574.jpg\" alt=\"\" class=\"wp-image-482\" srcset=\"https:\/\/exclusiveeventslevante.com\/wp-content\/uploads\/2023\/03\/IMG-20230326-WA0056-1024x574.jpg 1024w, https:\/\/exclusiveeventslevante.com\/wp-content\/uploads\/2023\/03\/IMG-20230326-WA0056-300x168.jpg 300w, https:\/\/exclusiveeventslevante.com\/wp-content\/uploads\/2023\/03\/IMG-20230326-WA0056-768x431.jpg 768w, https:\/\/exclusiveeventslevante.com\/wp-content\/uploads\/2023\/03\/IMG-20230326-WA0056-1536x861.jpg 1536w, https:\/\/exclusiveeventslevante.com\/wp-content\/uploads\/2023\/03\/IMG-20230326-WA0056.jpg 1600w\" sizes=\"auto, (max-width: 706px) 89vw, (max-width: 767px) 82vw, 740px\" \/><\/figure>\n\n\n\n<figure class=\"wp-block-image size-large\"><img loading=\"lazy\" decoding=\"async\" width=\"1024\" height=\"457\" data-id=\"484\" src=\"https:\/\/exclusiveeventslevante.com\/wp-content\/uploads\/2023\/03\/IMG-20230326-WA0057-1024x457.jpg\" alt=\"\" class=\"wp-image-484\" srcset=\"https:\/\/exclusiveeventslevante.com\/wp-content\/uploads\/2023\/03\/IMG-20230326-WA0057-1024x457.jpg 1024w, https:\/\/exclusiveeventslevante.com\/wp-content\/uploads\/2023\/03\/IMG-20230326-WA0057-300x134.jpg 300w, https:\/\/exclusiveeventslevante.com\/wp-content\/uploads\/2023\/03\/IMG-20230326-WA0057-768x343.jpg 768w, https:\/\/exclusiveeventslevante.com\/wp-content\/uploads\/2023\/03\/IMG-20230326-WA0057-1536x685.jpg 1536w, https:\/\/exclusiveeventslevante.com\/wp-content\/uploads\/2023\/03\/IMG-20230326-WA0057.jpg 1600w\" sizes=\"auto, (max-width: 706px) 89vw, (max-width: 767px) 82vw, 740px\" \/><\/figure>\n\n\n\n<figure class=\"wp-block-image size-large\"><img loading=\"lazy\" decoding=\"async\" width=\"1024\" height=\"512\" data-id=\"483\" src=\"https:\/\/exclusiveeventslevante.com\/wp-content\/uploads\/2023\/03\/IMG-20230326-WA0051-1024x512.jpg\" alt=\"\" class=\"wp-image-483\" srcset=\"https:\/\/exclusiveeventslevante.com\/wp-content\/uploads\/2023\/03\/IMG-20230326-WA0051-1024x512.jpg 1024w, https:\/\/exclusiveeventslevante.com\/wp-content\/uploads\/2023\/03\/IMG-20230326-WA0051-300x150.jpg 300w, https:\/\/exclusiveeventslevante.com\/wp-content\/uploads\/2023\/03\/IMG-20230326-WA0051-768x384.jpg 768w, https:\/\/exclusiveeventslevante.com\/wp-content\/uploads\/2023\/03\/IMG-20230326-WA0051-1536x768.jpg 1536w, https:\/\/exclusiveeventslevante.com\/wp-content\/uploads\/2023\/03\/IMG-20230326-WA0051.jpg 1594w\" sizes=\"auto, (max-width: 706px) 89vw, (max-width: 767px) 82vw, 740px\" \/><\/figure>\n<\/figure>\n\n\n\n<figure class=\"wp-block-image size-large\"><img loading=\"lazy\" decoding=\"async\" width=\"1024\" height=\"576\" src=\"https:\/\/exclusiveeventslevante.com\/wp-content\/uploads\/2024\/02\/TEAM-OF.pdf-13-1024x576.png\" alt=\"\" class=\"wp-image-732\" srcset=\"https:\/\/exclusiveeventslevante.com\/wp-content\/uploads\/2024\/02\/TEAM-OF.pdf-13-1024x576.png 1024w, https:\/\/exclusiveeventslevante.com\/wp-content\/uploads\/2024\/02\/TEAM-OF.pdf-13-300x169.png 300w, https:\/\/exclusiveeventslevante.com\/wp-content\/uploads\/2024\/02\/TEAM-OF.pdf-13-768x432.png 768w, https:\/\/exclusiveeventslevante.com\/wp-content\/uploads\/2024\/02\/TEAM-OF.pdf-13-1536x864.png 1536w, https:\/\/exclusiveeventslevante.com\/wp-content\/uploads\/2024\/02\/TEAM-OF.pdf-13.png 1920w\" sizes=\"auto, (max-width: 706px) 89vw, (max-width: 767px) 82vw, 740px\" \/><\/figure>\n\n\n\n<figure class=\"wp-block-image size-large\"><img loading=\"lazy\" decoding=\"async\" width=\"1024\" height=\"724\" src=\"https:\/\/exclusiveeventslevante.com\/wp-content\/uploads\/2024\/02\/cartel_page-0001-12-1024x724.jpg\" alt=\"\" class=\"wp-image-772\" srcset=\"https:\/\/exclusiveeventslevante.com\/wp-content\/uploads\/2024\/02\/cartel_page-0001-12-1024x724.jpg 1024w, https:\/\/exclusiveeventslevante.com\/wp-content\/uploads\/2024\/02\/cartel_page-0001-12-300x212.jpg 300w, https:\/\/exclusiveeventslevante.com\/wp-content\/uploads\/2024\/02\/cartel_page-0001-12-768x543.jpg 768w, https:\/\/exclusiveeventslevante.com\/wp-content\/uploads\/2024\/02\/cartel_page-0001-12-1536x1086.jpg 1536w, https:\/\/exclusiveeventslevante.com\/wp-content\/uploads\/2024\/02\/cartel_page-0001-12-2048x1448.jpg 2048w\" sizes=\"auto, (max-width: 706px) 89vw, (max-width: 767px) 82vw, 740px\" \/><\/figure>\n","protected":false},"excerpt":{"rendered":"<p>Es una iniciativa d\u00f3nde se busca sensibilizar y concienciar a las personas de la organizaci\u00f3n, fomentando la participaci\u00f3n a trav\u00e9s de una jornada l\u00fadica, alejada de la rutina, d\u00f3nde se combinen contenidos impactantes en seguridad, salud&nbsp;y&nbsp;bienestar. Nosotras creamos el Safety Day que tu empresa necesita.<\/p>\n","protected":false},"author":2,"featured_media":0,"parent":0,"menu_order":0,"comment_status":"closed","ping_status":"closed","template":"","meta":{"footnotes":""},"class_list":["post-477","page","type-page","status-publish","hentry"],"_links":{"self":[{"href":"https:\/\/exclusiveeventslevante.com\/index.php?rest_route=\/wp\/v2\/pages\/477","targetHints":{"allow":["GET"]}}],"collection":[{"href":"https:\/\/exclusiveeventslevante.com\/index.php?rest_route=\/wp\/v2\/pages"}],"about":[{"href":"https:\/\/exclusiveeventslevante.com\/index.php?rest_route=\/wp\/v2\/types\/page"}],"author":[{"embeddable":true,"href":"https:\/\/exclusiveeventslevante.com\/index.php?rest_route=\/wp\/v2\/users\/2"}],"replies":[{"embeddable":true,"href":"https:\/\/exclusiveeventslevante.com\/index.php?rest_route=%2Fwp%2Fv2%2Fcomments&post=477"}],"version-history":[{"count":5,"href":"https:\/\/exclusiveeventslevante.com\/index.php?rest_route=\/wp\/v2\/pages\/477\/revisions"}],"predecessor-version":[{"id":773,"href":"https:\/\/exclusiveeventslevante.com\/index.php?rest_route=\/wp\/v2\/pages\/477\/revisions\/773"}],"wp:attachment":[{"href":"https:\/\/exclusiveeventslevante.com\/index.php?rest_route=%2Fwp%2Fv2%2Fmedia&parent=477"}],"curies":[{"name":"wp","href":"https:\/\/api.w.org\/{rel}","templated":true}]}}