 
{"id":917,"date":"2025-05-11T21:41:00","date_gmt":"2025-05-11T21:41:00","guid":{"rendered":"http:\/\/exclusiveeventslevante.com\/?page_id=917"},"modified":"2025-05-11T21:42:34","modified_gmt":"2025-05-11T21:42:34","slug":"asesoria-gastronomica-para-guias","status":"publish","type":"page","link":"https:\/\/exclusiveeventslevante.com\/?page_id=917","title":{"rendered":"Asesor\u00eda gastron\u00f3mica para gu\u00edas"},"content":{"rendered":"\n<p>En <strong>Exclusive Events Levante<\/strong> colaboramos con cocinas que no se conforman con estar\u2026 quieren <strong>trascender<\/strong>. Restaurantes con identidad, alma y una visi\u00f3n clara: dejar huella en el paladar, en la memoria y en el mapa gastron\u00f3mico.<\/p>\n\n\n\n<p>Ofrecemos un <strong>servicio integral de consultor\u00eda estrat\u00e9gica<\/strong> dise\u00f1ado para transformar tu propuesta culinaria en una experiencia global, coherente y con proyecci\u00f3n. Nuestro enfoque combina creatividad, an\u00e1lisis y posicionamiento, con un objetivo: ayudarte a acceder a distintivos como <strong>L\u2019Exquisit Mediterrani<\/strong>, y avanzar hacia reconocimientos de alto nivel como la <strong>Gu\u00eda MICHELIN<\/strong> o la <strong>Gu\u00eda Repsol<\/strong>.<\/p>\n\n\n\n<p>No se trata solo de lo que sirves en el plato, sino de <strong>c\u00f3mo haces sentir a quien lo prueba<\/strong>.<\/p>\n\n\n\n<h3 class=\"wp-block-heading\">\u00bfC\u00f3mo lo hacemos?<\/h3>\n\n\n\n<ul class=\"wp-block-list\">\n<li>Diagn\u00f3stico completo de <strong>marca gastron\u00f3mica<\/strong> y propuesta culinaria.<\/li>\n\n\n\n<li>Revisi\u00f3n de <strong>carta<\/strong>, t\u00e9cnicas de cocina y <strong>discurso gastron\u00f3mico<\/strong>.<\/li>\n\n\n\n<li>Formaci\u00f3n especializada y mejora integral del <strong>servicio en sala<\/strong>.<\/li>\n\n\n\n<li>Direcci\u00f3n art\u00edstica y dise\u00f1o de la <strong>escenograf\u00eda del espacio<\/strong>.<\/li>\n\n\n\n<li>Creaci\u00f3n de <strong>experiencias sensoriales<\/strong> en sala y mesa.<\/li>\n\n\n\n<li>Plan de comunicaci\u00f3n, visibilidad institucional y prensa gastron\u00f3mica.<\/li>\n\n\n\n<li>Acompa\u00f1amiento en candidaturas a iniciativas como <strong>L\u2019Exquisit Mediterrani<\/strong>.<\/li>\n<\/ul>\n\n\n\n<h3 class=\"wp-block-heading\">Casos de \u00e9xito que hablan por s\u00ed solos<\/h3>\n\n\n\n<p>Uno de nuestros mayores orgullos es el reconocimiento obtenido por el restaurante <strong>Cyrus Dad<\/strong>, un proyecto que acompa\u00f1amos de principio a fin hasta lograr una de las distinciones m\u00e1s relevantes en la Comunitat Valenciana. Puedes leer la noticia completa <a href=\"https:\/\/aytosagunto.es\/es\/actualidad\/el-restaurante-cyrus-dad-consigue-una-distincion-de-reconocimiento-por-la-guia-michelin\/\" target=\"_blank\" rel=\"noreferrer noopener\">aqu\u00ed<\/a>.<\/p>\n\n\n\n<h3 class=\"wp-block-heading\">Para cocinas con prop\u00f3sito, no con prisas<\/h3>\n\n\n\n<p>Si tu restaurante tiene talento, potencial y una historia que merece llegar lejos, te ayudamos a <strong>elevarla<\/strong>. Lo hacemos con estrategia, sensibilidad est\u00e9tica, y una red experta en gastronom\u00eda de \u00e9lite.<\/p>\n\n\n\n<p>\u00bfListo para crear algo verdaderamente extraordinario?<\/p>\n\n\n\n<figure class=\"wp-block-gallery has-nested-images columns-default is-cropped wp-block-gallery-1 is-layout-flex wp-block-gallery-is-layout-flex\">\n<figure class=\"wp-block-image size-large\"><img loading=\"lazy\" decoding=\"async\" width=\"624\" height=\"732\" data-id=\"921\" src=\"https:\/\/exclusiveeventslevante.com\/wp-content\/uploads\/2025\/05\/IMG-20250510-WA0045.jpg\" alt=\"\" class=\"wp-image-921\" srcset=\"https:\/\/exclusiveeventslevante.com\/wp-content\/uploads\/2025\/05\/IMG-20250510-WA0045.jpg 624w, https:\/\/exclusiveeventslevante.com\/wp-content\/uploads\/2025\/05\/IMG-20250510-WA0045-256x300.jpg 256w\" sizes=\"auto, (max-width: 624px) 100vw, 624px\" \/><\/figure>\n\n\n\n<figure class=\"wp-block-image size-large\"><img loading=\"lazy\" decoding=\"async\" width=\"400\" height=\"400\" data-id=\"920\" src=\"https:\/\/exclusiveeventslevante.com\/wp-content\/uploads\/2025\/05\/IMG-20250510-WA0044.jpg\" alt=\"\" class=\"wp-image-920\" srcset=\"https:\/\/exclusiveeventslevante.com\/wp-content\/uploads\/2025\/05\/IMG-20250510-WA0044.jpg 400w, https:\/\/exclusiveeventslevante.com\/wp-content\/uploads\/2025\/05\/IMG-20250510-WA0044-300x300.jpg 300w, https:\/\/exclusiveeventslevante.com\/wp-content\/uploads\/2025\/05\/IMG-20250510-WA0044-150x150.jpg 150w, https:\/\/exclusiveeventslevante.com\/wp-content\/uploads\/2025\/05\/IMG-20250510-WA0044-100x100.jpg 100w\" sizes=\"auto, (max-width: 400px) 100vw, 400px\" \/><\/figure>\n\n\n\n<figure class=\"wp-block-image size-large\"><img loading=\"lazy\" decoding=\"async\" width=\"1024\" height=\"768\" data-id=\"923\" src=\"https:\/\/exclusiveeventslevante.com\/wp-content\/uploads\/2025\/05\/IMG-20250510-WA0042-1024x768.jpg\" alt=\"\" class=\"wp-image-923\" srcset=\"https:\/\/exclusiveeventslevante.com\/wp-content\/uploads\/2025\/05\/IMG-20250510-WA0042-1024x768.jpg 1024w, https:\/\/exclusiveeventslevante.com\/wp-content\/uploads\/2025\/05\/IMG-20250510-WA0042-300x225.jpg 300w, https:\/\/exclusiveeventslevante.com\/wp-content\/uploads\/2025\/05\/IMG-20250510-WA0042-768x576.jpg 768w, https:\/\/exclusiveeventslevante.com\/wp-content\/uploads\/2025\/05\/IMG-20250510-WA0042-1536x1152.jpg 1536w, https:\/\/exclusiveeventslevante.com\/wp-content\/uploads\/2025\/05\/IMG-20250510-WA0042.jpg 1600w\" sizes=\"auto, (max-width: 706px) 89vw, (max-width: 767px) 82vw, 740px\" \/><\/figure>\n\n\n\n<figure class=\"wp-block-image size-large\"><img loading=\"lazy\" decoding=\"async\" width=\"825\" height=\"550\" data-id=\"922\" src=\"https:\/\/exclusiveeventslevante.com\/wp-content\/uploads\/2025\/05\/IMG-20250510-WA0043.jpg\" alt=\"\" class=\"wp-image-922\" srcset=\"https:\/\/exclusiveeventslevante.com\/wp-content\/uploads\/2025\/05\/IMG-20250510-WA0043.jpg 825w, https:\/\/exclusiveeventslevante.com\/wp-content\/uploads\/2025\/05\/IMG-20250510-WA0043-300x200.jpg 300w, https:\/\/exclusiveeventslevante.com\/wp-content\/uploads\/2025\/05\/IMG-20250510-WA0043-768x512.jpg 768w\" sizes=\"auto, (max-width: 706px) 89vw, (max-width: 767px) 82vw, 740px\" \/><\/figure>\n\n\n\n<figure class=\"wp-block-image size-large\"><img loading=\"lazy\" decoding=\"async\" width=\"720\" height=\"540\" data-id=\"924\" src=\"https:\/\/exclusiveeventslevante.com\/wp-content\/uploads\/2025\/05\/IMG-20250510-WA0041.jpg\" alt=\"\" class=\"wp-image-924\" srcset=\"https:\/\/exclusiveeventslevante.com\/wp-content\/uploads\/2025\/05\/IMG-20250510-WA0041.jpg 720w, https:\/\/exclusiveeventslevante.com\/wp-content\/uploads\/2025\/05\/IMG-20250510-WA0041-300x225.jpg 300w\" sizes=\"auto, (max-width: 720px) 100vw, 720px\" \/><\/figure>\n<\/figure>\n","protected":false},"excerpt":{"rendered":"<p>En Exclusive Events Levante colaboramos con cocinas que no se conforman con estar\u2026 quieren trascender. Restaurantes con identidad, alma y una visi\u00f3n clara: dejar huella en el paladar, en la memoria y en el mapa gastron\u00f3mico. Ofrecemos un servicio integral de consultor\u00eda estrat\u00e9gica dise\u00f1ado para transformar tu propuesta culinaria en una experiencia global, coherente y &hellip; <\/p>\n<p class=\"link-more\"><a href=\"https:\/\/exclusiveeventslevante.com\/?page_id=917\" class=\"more-link\">Continuar leyendo<span class=\"screen-reader-text\"> \u00abAsesor\u00eda gastron\u00f3mica para gu\u00edas\u00bb<\/span><\/a><\/p>\n","protected":false},"author":2,"featured_media":0,"parent":0,"menu_order":0,"comment_status":"closed","ping_status":"closed","template":"","meta":{"footnotes":""},"class_list":["post-917","page","type-page","status-publish","hentry"],"_links":{"self":[{"href":"https:\/\/exclusiveeventslevante.com\/index.php?rest_route=\/wp\/v2\/pages\/917","targetHints":{"allow":["GET"]}}],"collection":[{"href":"https:\/\/exclusiveeventslevante.com\/index.php?rest_route=\/wp\/v2\/pages"}],"about":[{"href":"https:\/\/exclusiveeventslevante.com\/index.php?rest_route=\/wp\/v2\/types\/page"}],"author":[{"embeddable":true,"href":"https:\/\/exclusiveeventslevante.com\/index.php?rest_route=\/wp\/v2\/users\/2"}],"replies":[{"embeddable":true,"href":"https:\/\/exclusiveeventslevante.com\/index.php?rest_route=%2Fwp%2Fv2%2Fcomments&post=917"}],"version-history":[{"count":4,"href":"https:\/\/exclusiveeventslevante.com\/index.php?rest_route=\/wp\/v2\/pages\/917\/revisions"}],"predecessor-version":[{"id":929,"href":"https:\/\/exclusiveeventslevante.com\/index.php?rest_route=\/wp\/v2\/pages\/917\/revisions\/929"}],"wp:attachment":[{"href":"https:\/\/exclusiveeventslevante.com\/index.php?rest_route=%2Fwp%2Fv2%2Fmedia&parent=917"}],"curies":[{"name":"wp","href":"https:\/\/api.w.org\/{rel}","templated":true}]}}